t p(j) = -113*j**3 - 3*j**2 + 27*j + 90. Is p(-7) prime?
False
Let s(m) = m - 1. Let x(a) = 4*a + 2. Let w(d) = 3*s(d) - x(d). Let p be w(-9). Is p/26 - (-29175)/65 prime?
True
Let p be (452/(-3))/(16/(-72)). Suppose 6*y + p = 43092. Is y a composite number?
False
Let d(i) = -273*i - 265. Let b be ((-24)/(-90)*-3)/((-2)/(-60)). Is d(b) a prime number?
True
Let f(w) = 147*w**2 - 4. Let t = -46 - -25. Let r = 18 + t. Is f(r) a composite number?
False
Suppose 0 = 316*n - 2504311 - 5178597. Is n composite?
True
Let j(w) = 24790*w + 541. Is j(10) a composite number?
False
Suppose -3*k = -2 - 1. Let n be (k/5)/1 + 9/(-45). Suppose n = 2*r - 452 - 310. Is r composite?
True
Let l(j) = 3*j**2 + 8*j - 12. Let q be 16/24*(1494/(-4))/(-3). Suppose -5*r - 48 = -q. Is l(r) a prime number?
True
Let t = -71700 - -414347. Is t prime?
True
Let q(v) = 33*v**2 - 10*v + 11. Suppose -2*j + a = 14, -2*a - 13 + 1 = j. Is q(j) prime?
True
Suppose 6 = 2*u, -2*y + 5*u = u - 36. Suppose -2*t - 4*s = 2*t - y, -2*t + 27 = 5*s. Is (16/32)/(t/382) prime?
True
Let c(f) = -f**3 - f**2 + f + 1. Let p be c(-2). Suppose -j + p*i = 4, -7 = -5*j - 4*i + 30. Suppose 21 = 6*v - j*v. Is v a composite number?
True
Suppose i - 8*q - 27652 = -7*q, -3*i + q + 82966 = 0. Let f = -12170 + i. Is f prime?
False
Suppose 0 = 5*n + 10, -l + 24 = 4*l + 3*n. Is 8/l - 185/15*-254 composite?
True
Let p be (-1779034)/406 - (-2)/(-14). Let m = 4367 - p. Is m composite?
True
Is (-8)/1 - (-2)/(60/1263090) prime?
False
Suppose -722912 = -40*l + 626432 + 1369816. Is l prime?
True
Suppose 99*x = -i + 97*x + 5273, 2*i - 10516 = x. Is i prime?
True
Suppose 4*i - 1519 = 20189. Suppose 5*b + 4*n - 27193 = 0, b + 3*n = 8*n + i. Is b composite?
False
Let v = -28 - -36. Let w(c) = 22*c - 36. Let g be w(v). Suppose 4*q + 2*z - 156 = 0, g = 5*q - z - 41. Is q composite?
False
Suppose -2*t = 5*w - 2936297 - 1045282, 2*t - 5574217 = -7*w. Is w prime?
False
Suppose -16*x = 33267 + 15965. Let b = x - -7132. Is b a composite number?
True
Suppose 0 = -5*a + 2*m + 814217, 57*a = 53*a - 3*m + 651392. Is a a composite number?
True
Let o(l) = -34 - 3 - 708*l - 20 - 26. Is o(-10) a composite number?
False
Let u = 159 - 143. Is (u/(-40) - (-2)/30)*-2841 a composite number?
False
Is -2 + (40/(-25) + 1)/(13/(-1578655)) prime?
True
Let j = -19 - -42. Suppose -j*w = -18*w - 275. Suppose 0 = -f + 2*f - w. Is f a prime number?
False
Suppose -9*k = 12*k + 23*k - 49512452. Is k a prime number?
True
Let m(v) = -4499*v - 10. Let j = -843 - -840. Is m(j) a composite number?
False
Let h(t) = 8 + 10*t + 9*t - 65 - t. Is h(17) composite?
True
Let x = -103952 + 1221273. Is x prime?
True
Let o = 10049 + -9372. Is o prime?
True
Let i(y) = -1452*y**2 - 77*y - 2. Let l be i(4). Let b = l - -33619. Is b a composite number?
True
Let f(s) = s**3 - 9*s**2 + 8*s + 15. Let w be f(8). Let n be (-3)/((5/w)/((-988)/(-6))). Let v = 2123 + n. Is v prime?
True
Let h be 30/(-50) + (-8937)/5. Let r(c) = 6*c**2 - 8*c + 1. Let g be r(10). Let b = g - h. Is b a prime number?
True
Let b(x) = 21*x**3 - 221*x**2 - 8*x - 29. Is b(12) a prime number?
True
Suppose j + 22 = -3*o, -4*o + 73 = 3*j + 124. Let v(l) = -43*l + 41. Let w(z) = -65*z + 62. Let q(k) = 8*v(k) - 5*w(k). Is q(j) a prime number?
False
Suppose 35*h - 47*h = -78000. Suppose -h - 1855 = -5*l. Is l a composite number?
True
Suppose 0*t - 5*t + 2*h - 260 = 0, -t - 4*h = 52. Is (-5914)/((-10)/t*20 - 4) prime?
False
Suppose -4*q + 374998 + 109646 = -5*x, -3*q = x - 363483. Is q a composite number?
True
Let f(a) be the third derivative of a**8/560 + a**7/1680 + a**6/45 + 23*a**5/60 - 22*a**2. Let q(v) be the third derivative of f(v). Is q(-3) a prime number?
True
Let n be 87/27 + (176/18 - 10). Suppose 0 = 3*a - 0 - 12. Is 315*(4 - n) - a composite?
False
Let n = -601 + 597. Is 1933/(n/5 - -1) composite?
True
Let i be -5*((2 - (4 - 5)) + 1834). Let b = -5140 - i. Is b a composite number?
True
Suppose -27*r + 202935 = -41658. Is r prime?
True
Let o(y) be the first derivative of -9 - y**2 + 28/3*y**3 - 2*y. Is o(-4) prime?
False
Let c be 49*54 + 5 + -1 + -1. Is (-3)/(-12) + c/12 prime?
False
Is (42/18)/((-35)/(-30))*(-302938)/(-4) prime?
False
Suppose 0 = -4*r + 13*r - 41094. Suppose 5*t + 4*n = r, 5*n = -2*t + 10*n + 1833. Is t a composite number?
True
Let l = 429331 + -230444. Is l composite?
True
Suppose -67130 = -9*z + 631837. Is z composite?
True
Let f = -86 - -90. Is 3879 + (3 + -11)/f prime?
True
Let r(u) be the second derivative of 0 - 8*u - 25/3*u**3 - 2*u**2. Is r(-1) composite?
True
Let b = 19666 + -8035. Is b composite?
True
Let j be ((-2)/(-3))/((3/(-9))/(-1)). Suppose -j*y + 6*y = -544. Is 0 - -2 - -1 - y a prime number?
True
Is (-17975)/50*-7214 - -20 a prime number?
True
Let t(j) = -3*j + 7*j**2 + 10*j**2 + 3*j**2 + j**2 + 18. Let m be t(8). Suppose -2*p - m = -8*p. Is p a prime number?
True
Suppose -2*z - 5*m + 461231 = -168560, 0 = 3*m + 9. Is z a composite number?
False
Suppose 3*d = -43*l + 38*l + 278456, 3*d = -2*l + 111395. Is l composite?
True
Let x(o) be the third derivative of 9*o**5/10 + 19*o**4/24 + o**3 - 16*o**2 - 60*o. Let j(s) = s**2 + 7*s - 1. Let y be j(-8). Is x(y) composite?
True
Let x = 5 + 0. Suppose 2*m + x*v = -21, 0 = 5*m - 3*v - 3 + 71. Is (-4)/26 + (-24741)/m prime?
False
Let d be (4/(16/(-6)))/(-17 + (-185)/(-10)). Suppose 3*x + x - 16 = 0. Is (2 - ((-478)/x)/d)*-2 a composite number?
True
Suppose 455*z = 95*z + 824748840. Is z composite?
False
Let p be (-2)/4*(-650)/25. Suppose 15*d - p*d = 27802. Is d prime?
True
Suppose -33*a + 943268 = a - 716238. Is a a prime number?
True
Suppose 116569 = d + 3*z, -5*d + 714268 - 131443 = 5*z. Is d prime?
False
Let k be (3/1)/((-10)/100). Is k/5 - (-1582)/2 a composite number?
True
Let z be (34 + (2 - 10))*(-4195)/(-2). Suppose 4*j + z = 17*j. Is j a prime number?
False
Let z(i) = 6*i**3 - 11*i**2 - 18*i + 24. Let o be z(-8). Let x = o + 6421. Is x a composite number?
True
Let m(r) = r**3 + r**2 + 3*r + 1486. Let w be m(0). Suppose -2*k = -w - 6. Suppose k = 4*o - 930. Is o composite?
False
Let p(j) = j + 319. Suppose 2*t - 75 = -3*t. Suppose t*l = 19*l. Is p(l) prime?
False
Let c = 94711 - 2364. Is c a composite number?
False
Is (12741096/(-96) - 17)*-4 a prime number?
True
Let v(d) = 2*d**2 + 40*d + 175. Is v(51) a composite number?
False
Let g = 206347 - 56426. Is g composite?
False
Suppose -4*v + 1096 = -3*t - 1988, -5*v + 3820 = 5*t. Let a be (9 + 5)/(5/((-6625)/(-5))). Suppose -6*d = -k - d + v, 0 = -5*k - d + a. Is k a composite number?
False
Suppose -49*q + 5*q - 6448982 = -34884114. Is q composite?
False
Suppose 0 = -3*a - 2*l + 495615, 92*a - 3*l = 94*a - 330415. Is a a prime number?
True
Suppose -4*x - 4*t = 2160, -524 = -0*x + x - 3*t. Is (x/(-32))/((-1)/(-596)) a prime number?
False
Suppose 37806 = -6*m + 711175 + 571433. Is m prime?
False
Let p(c) = 2*c - 24. Let k be p(14). Suppose 2*l - 20 = -0*l - k*h, -5*h = -l - 18. Suppose l*g - 191 = -37. Is g a prime number?
False
Let h(v) = 6*v**2 + 6*v + 2. Let m be h(3). Let f = m - 64. Is 3*(-8 + f - 97/(-3)) a composite number?
False
Let a(o) = -106338*o - 632. Is a(-3) a composite number?
True
Suppose -37*x + 67418 = 4*v - 36*x, -x = -2*v + 33712. Is v prime?
False
Let i(v) = -4578*v - 4. Let t be i(-1). Let d = t + -1707. Is d composite?
True
Suppose 27604 + 3868 = -8*n. Let o = 5801 + n. Is o a prime number?
True
Suppose 0 = -4*l + 2*l + 3*g + 139, 0 = -l + 4*g + 62. Let b be (-4)/14 + (l/14 - 5). Suppose 3*j - 4*m - 3453 = b, 4*j = -j + 4*m + 5755. Is j prime?
True
Let r = 86 - 86. Suppose r = -27*l + 296546 - 94667. Is l a composite number?
False
Let d = -1003 - -219. Suppose 5*a - 5965 = 1680. Let n = a + d. Is n composite?
True
Let f(q) = 14819*q + 1454. Is f(36) prime?
False
Suppose 91*r = 90*r - 2, -205061 = -5*m + 3*r. Is m composite?
False
Suppose 5*h - 12*a - 57256 = -15*a, -3*h - 2*a + 34353 = 0. Is h a prime number?
False
Suppose -198*a + 72562280 = -88*a + 170*a. Is a prime?
True
Let a be (-6)/(-21) + (-57)/(-21). Suppose -4*m + 20 = 5*b - b, 4*m + 1 = a*b. Let x(h) = 18*h + 1. Is x(m) a prime number?
True
Let k = 33413 + -4680. Is k a composite number?
True
Suppose -2*m + 474609 = -2*w + 96593, 2*m - 2 = 0. Is w/(-9) - (-16)/72*1 a prime number?
Tru